**3 - 5*w**2 - 5*w - 9. Let v be c(5). Let i = -131 + v. Let s = i + 171. Is s composite?
False
Let d = 14790 + -3361. Is d composite?
True
Suppose -j = 3*z - 440, 2*z - 7*z + 5*j + 740 = 0. Suppose z + 297 = 4*b. Is b composite?
True
Suppose 4*f + w - 2548 = 0, 5*f = w + 1963 + 1231. Let t = f - -513. Is t prime?
True
Suppose -2*k + 3 + 7 = -4*d, 0 = -5*d + 3*k - 15. Suppose -3*p + 5688 + 2811 = d. Is p prime?
True
Suppose -3*g + 1869863 = -5*o, -g + 623297 = -987*o + 990*o. Is g composite?
False
Let a be -2*(-4)/(-8)*-72. Let c = -68 + a. Is (147 - 1)/(c - (-54)/(-15)) a composite number?
True
Let u(r) be the second derivative of r**4/6 + 8*r**3/3 + 7*r**2/2 - 20*r. Let m be 40/6*(-12)/10. Is u(m) a composite number?
False
Suppose -4*a - 6*o = -3*o + 3, 5*o - 21 = 2*a. Let k be (1/a + 0)*(-11 - -2). Suppose -447 = -k*u + 1242. Is u a prime number?
True
Suppose 0 = -32*h + 35*h + 4*z - 29, -h + 2*z = -3. Suppose -5*p - 774 = -d, 3*p = -8*d + h*d + 798. Is d prime?
False
Let o(x) = x**3 + 3*x**2 + 5*x + 23. Let h be o(-3). Suppose h*p - 7712 - 21048 = 0. Is p composite?
True
Suppose 0 = -27*v + 7*v + 415060. Suppose -2*d = 3*r - 31139, -v = -7*r + 5*r + 5*d. Is r a composite number?
True
Let w(j) = 2*j**3 + 13*j**2 + 4*j - 14. Let l be w(-6). Is (0 - 1171/l)*46 prime?
False
Let f(v) = v + 5. Let h be f(0). Suppose -w - 78 = h*a - 264, 407 = 2*w + 3*a. Is w composite?
False
Let z = -29 + 28. Let m(y) = 677*y**2 - y - 2. Let x be m(z). Let v = 1239 - x. Is v composite?
False
Suppose -4*k = 4*j - 544664, k + 680821 = 5*j + 3*k. Is j prime?
True
Let k be ((-12)/36)/((-2)/18). Suppose k*t + 0*x + 3*x = 7734, 4*t - x - 10327 = 0. Is t prime?
False
Let g = -400 - -403. Suppose 6 = 2*r + r, -g*r = 2*m - 38572. Is m prime?
False
Suppose 36438 = -54*v - 103152. Let g be (-320)/18 + 2/(-9). Is v/(-9) - g/(-81) composite?
True
Suppose -u = -4*l + 4468783, 5268469 = 10*l + 2*u - 5903475. Is l prime?
False
Is (7/98*21 + -2)/((-1)/1900946) prime?
True
Let f(h) = 169*h**2 + 1. Let c be f(2). Let v = 2848 - 1558. Let k = c + v. Is k a composite number?
True
Let t(j) = 8307*j + 785. Is t(6) prime?
True
Suppose -30*h + 28*h = -41416. Let y = h + -7665. Is y composite?
False
Suppose 22*q + 65505 = 37*q. Is 12*(-24)/32 + q composite?
True
Let r = -66774 - -110023. Suppose 4*g - 24435 = r. Suppose -5*k + 3*z = -g, z = k - 1238 - 2145. Is k composite?
True
Let i(g) = -9*g**3 - 75*g**2 + 141*g + 227. Is i(-52) prime?
True
Let y(p) = -125972*p - 205. Is y(-8) composite?
True
Is 763678/8*(-35)/((-1365)/156) composite?
True
Let s be (-3 + 4)/1*(0 + -1). Let m(t) = 819*t**2 - 7*t - 6. Let l be m(s). Suppose -2*d + l - 206 = 0. Is d composite?
False
Suppose 58*v + 24355303 = 156*v - 7786443. Is v prime?
False
Let r(p) = 2*p**2 - 18*p + 27. Let l be r(7). Let b(x) = -x**2 + x - 1. Let a(q) = 366*q**2 + 3*q - 7. Let c(v) = a(v) - 5*b(v). Is c(l) prime?
False
Let y(d) = -2*d**2 - 27*d + 8. Let j be y(-13). Suppose 4*z - j = p - 0*p, 3*z + 5*p - 33 = 0. Let u = z + 20. Is u prime?
False
Let a(w) = 2*w**2 - 3*w + 3. Let m be a(-2). Let f be (m - 15)*(-538)/4. Let u = f + 378. Is u a composite number?
False
Let l(c) = 66*c**2 - 6*c + 8. Let b be l(4). Let o = b - 661. Is o prime?
True
Let h = 8017 + -4382. Is h prime?
False
Let d(z) = -44*z**2 + 4*z. Let q be d(3). Suppose -100*v + 20619 = -44*v - 47*v. Let c = q + v. Is c a composite number?
False
Let i(g) = 572*g**2 + 228*g + 47. Is i(-16) a prime number?
False
Suppose -k - 5*a + 80959 = 0, -3*k - 32705 = -2*a - 275684. Is k a composite number?
False
Let n(v) = -27*v + 11*v**2 - 3 + 1 - 4*v**3 + 5*v**3 + v. Let d be n(-13). Is (1/d)/((-8)/2384) a composite number?
False
Is ((-2815)/(-10)*-257)/(69/(-6) - -11) composite?
True
Let f(l) = 85*l - 1. Let q be f(18). Suppose 5*a + y = q, -3*a + 931 = y + 3*y. Suppose a = 4*w - 1619. Is w a composite number?
True
Let z(s) = 1. Let b(v) = -209*v - 14. Let n(r) = b(r) + 5*z(r). Is n(-2) a composite number?
False
Suppose 2369*d = 2372*d - 48729. Is d composite?
True
Let v(i) = -54*i**3 - i**2 + 10*i - 7. Let m be v(6). Let w = -4236 - m. Is w a composite number?
False
Let w(l) = 11*l**2 + 87*l + 45. Is w(22) composite?
False
Suppose 34944*p - 34937*p = 1155091. Is p prime?
False
Let j be 425/20 + (-2)/16*2. Let l be 6/j - (-21131)/7. Let h = l + -1932. Is h composite?
False
Let u = 301 + -263. Let l = u + 701. Is l prime?
True
Suppose -4*y = -21544 - 23708. Suppose 4*l - y - 7763 = 0. Is l a prime number?
False
Let n(f) = 3*f + 39. Let l be n(-12). Suppose l*t + 6 = 15, 0 = 2*j + t - 21. Suppose -11*h + j*h = -2402. Is h prime?
True
Let a be (-4)/(-38) - 219132/228. Let t = a + 1448. Is t a prime number?
True
Let n be 3 + -4 + -4 + 4. Let h be 2 - (-43 + (0 - n)). Suppose -2*t - 226 + h = -2*p, 2*t = -4*p + 388. Is p a composite number?
True
Suppose 6*o = 13 - 1. Let x(v) = 61*v**3 - 5*v + 0*v**2 - 3 + 0*v**2 - 2*v**2 + 11*v. Is x(o) prime?
False
Suppose -4*h + 10 = -2*o, 14 = -2*h - 4*o + 24. Suppose 0 = 3*d + 2*z - 665, -667 = -h*d + 15*z - 16*z. Is d prime?
True
Suppose -5*k = 4*v - 123283, k - 9*v + 4*v - 24674 = 0. Is k composite?
False
Let d = 28139 - -53290. Is d a composite number?
True
Is (-5361573)/14*(230/(-30) + (5 - -2)) a composite number?
False
Let f be ((-46)/(-8)*2)/((-10)/(-820)). Suppose 5 = -b, 212 = 5*h - 5*b - f. Suppose h = 5*g - 3*g. Is g composite?
False
Is (-13 + 600/45)*15 + 5062*6 prime?
False
Suppose 5*w = -4*l + 252408, 178*l - 173*l + 5*w - 315505 = 0. Is l prime?
True
Let v(a) = -a**3 + 10*a**2 - 10*a - 9. Let x be v(9). Let n be 2977/9 + (-4)/x. Let c = n - -1710. Is c a prime number?
False
Let m(x) = 364026*x**2 + 31*x - 28. Is m(1) a composite number?
True
Let m = 83 - 153. Let y = -41 - m. Suppose 0 = -y*u + 34*u - 1655. Is u a prime number?
True
Suppose -6514936 + 799664 + 33630 = -47*r. Is r a composite number?
True
Suppose 1408059 = 21*q - 12*q. Is q prime?
False
Let u(x) = 18*x**2 + x - 2. Let c be u(1). Suppose 4*b - c*b = -52. Suppose -2*p = b*g + 2*p - 2972, -5*g = -3*p - 3683. Is g composite?
False
Let y(g) = 3*g**3 - 33*g**2 + 32*g - 21. Let z be y(10). Is 40/(-20) + z/((-2)/24302) a prime number?
True
Let t(b) = 136*b**2 - 19*b - 37. Let x(r) = 408*r**2 - 56*r - 110. Let p(a) = -17*t(a) + 6*x(a). Let f be p(-6). Let i = f + -3042. Is i composite?
False
Let t(q) = -1526*q + 1935. Is t(-49) composite?
True
Let j(k) = -15*k**2 - 4. Let d be j(-3). Let v(w) = 11*w**3 + 2*w**2 + 7*w + 13. Let o be v(-2). Let p = o - d. Is p a composite number?
True
Suppose -5 = -5*k + 4*b, 0*k - 2*b - 13 = k. Let s be -3 - k/(3/5). Suppose s*p - 149 = p. Is p prime?
True
Suppose 25*i = -89546 - 30529. Let j = 3344 - i. Is j composite?
False
Suppose -16 = 5*r - 9*r. Suppose r*w - 6455 = 5829. Is w prime?
False
Suppose 8*g - 173 - 11 = 0. Suppose 21*j = g*j - 13094. Is j a composite number?
False
Let n = -9164 - -16532. Suppose 4*x = 18*z - 14*z - n, 0 = 3*z - 5*x - 5516. Is z a composite number?
False
Let n(w) = 7*w**3 - 22*w**2 - 23*w + 35. Is n(17) composite?
True
Let b be 9/(27/(-6)) + (-1 - -1). Is (-4 - (-8449)/b)*(-12)/18 a composite number?
False
Suppose 0 = 6*c - 3*c, -3*j + 5*c = -3855. Let p = j - 663. Is p composite?
True
Is (-30)/(-21) + 18000/(-11375) + (-5137838)/(-26) a prime number?
True
Let a = 32839 - 22108. Suppose -a = -f - 6*f. Suppose 3*i - 266 = -o + 874, -3*o - f = -4*i. Is i a prime number?
False
Let x = -46651 + 78812. Suppose -14452 - x = -7*d. Is d a prime number?
True
Let i(c) = 4363*c + 8311. Is i(142) a prime number?
False
Suppose 3*k - 6*k = -p - 25686, -5*k = 5*p - 42810. Let b = k - 3253. Is b prime?
True
Suppose j - 2*o = -7, -4*j - 12*o = -9*o - 5. Is 2/(-2) - ((-12747)/3 - j) prime?
False
Let q(z) be the first derivative of -29*z + 0*z**2 - z**2 - 37*z + 23 - 135*z**4 + 65*z. Is q(-1) composite?
False
Let q be (-78990)/(-4)*(-4)/(-5). Let f be 60/(-10)*16/(-18) + 41/(-123). Suppose 11*t - q = f*t. Is t a composite number?
False
Let o be (-30)/25*5/(-2). Suppose 3*c + 4*u - 20 = 0, c - 10 = o*u - 5*u. Suppose 4*v - 633 = -5*r, -v + r = -c*v - 156. Is v prime?
True
Suppose 5*u + 4*l = 85, -u - 4*l = -0 - 17. Suppose -w = -u*w + 443696. Is w a prime number?
False
Let t = -1802 - -23071. Is t a composite number?
False
Let b(y